= 4*r**2 - 5. Is b(s) a composite number?
False
Let v(k) = k**2 - 11*k - 15. Suppose -2*x - 35 = 5*u - 110, 5*u = -4*x + 85. Is v(u) a composite number?
False
Let c(q) = 16*q**2 - 9*q + 20. Suppose 3*a + 4*s = -4 - 31, 3*s = 3*a + 21. Is c(a) composite?
True
Suppose 0 = -4*v - s - 707, -5*s = 5*v - s + 892. Suppose 1124 = 4*u - 208. Let l = u + v. Is l a prime number?
True
Let z = 3142 + -1631. Is z a composite number?
False
Is 1993/((-3)/135*-9) a composite number?
True
Let h be (-100)/60*(32 + 1). Let q = 123 - h. Is q a prime number?
False
Let y = -5 - -1. Let i be (10/y)/(2/(-4)). Let g = i - -48. Is g composite?
False
Suppose -20297 = 20*k - 52677. Is k a prime number?
True
Let z(k) = -2*k + 0 + 18 + 0*k. Let a be z(11). Is 2/a + (-423)/(-2) a prime number?
True
Suppose 5*k = 4*q + 2232, -5*k + 2792 = 3*q + 581. Let j = 0 - -4. Suppose 2088 - k = j*b. Is b a prime number?
False
Let g(o) = o**3 - 7*o**2 + 5*o + 8. Let d be g(6). Suppose 6 = -3*u - 6, 3*u = d*f - 758. Is f a composite number?
False
Suppose 6*h - 3*h = 5*t + 2300, -2*h = -3*t - 1534. Suppose 2*i + 2*i + h = 5*a, 0 = -5*i + 25. Is a composite?
True
Let a be (-16)/24 + (-92)/(-3). Let f = a - 18. Is 573/f + (-6)/8 composite?
False
Suppose -a = 2*b - 7*b - 10, 0 = -2*b + 4*a - 22. Let f be (14 - 177)/(b*1). Suppose 754 = d - f. Is d a composite number?
True
Let f(g) = -2*g + 387. Is f(-28) composite?
False
Let l(r) = -r**3 + 2*r**2 + r + 9. Let s be l(0). Suppose v - s*v = -41384. Is v composite?
True
Let b = 265046 + -67987. Is b composite?
False
Suppose 0 = -4*w + 6*w - 24. Is ((-2540)/(-6))/(8/w) prime?
False
Let l = -111 - 7. Let p = 361 - l. Is p prime?
True
Suppose -840 - 776 = q. Let g(t) = -14*t**3 + 2*t**2 - 2*t - 1. Let z be g(4). Let v = z - q. Is v a prime number?
True
Let h(c) = -c**3 + 8*c**2 - 9*c + 1. Suppose 2*p + 14 = 5*w, p - 8 + 1 = -w. Suppose -16 = -2*v - w*q, -3*v + 6 + 9 = -3*q. Is h(v) a prime number?
True
Suppose 2*f - 1539 = -f + 4*p, 3*p = -4*f + 2077. Let d = f - 300. Is d a composite number?
True
Let g(m) = -4*m + 1. Let r be g(4). Is 3*1*(-1285)/r composite?
False
Let o be (10/15*48)/(-1). Is (-17832)/o + 2/(-8) composite?
False
Suppose -2*g = -31*g + 205001. Is g a composite number?
False
Suppose -3*q + 26 = 4*l - 24, 2*q + l - 30 = 0. Suppose -u = u - q. Let k(n) = 5*n**2 - 9*n + 3. Is k(u) a composite number?
True
Let u(s) = 152*s**3 + 3*s**2 - 13*s + 19. Is u(3) prime?
True
Suppose 11*a = 7*a + 1740. Suppose -7*v + 4*v = -a. Suppose t = v + 162. Is t a composite number?
False
Suppose -5*p + 213 = -1082. Suppose v = -v - 2*u + 10, 20 = 3*v + 4*u. Suppose -2*s + 6*s = -f + 259, v = -f + 2*s + p. Is f a composite number?
True
Let y be (-3416)/24 - 2/(-6). Let s = -68 - y. Suppose 0 = -6*l + 1580 - s. Is l a prime number?
True
Suppose -2*v = -4*c - 3174, -10*c = -2*v - 8*c + 3170. Is v a composite number?
False
Let k = 169 + 1844. Let j = 4592 - k. Is j prime?
True
Let d = 617 - 412. Let o = -316 + d. Let c = 404 + o. Is c a composite number?
False
Let r be (-14)/(-4) + (-15)/6 + 2. Let s(v) = 49*v**2 + 5*v - 19. Is s(r) a prime number?
False
Suppose 2*k - 22*k + 520140 = 0. Is k a composite number?
True
Let o = -47240 - -95481. Is o a composite number?
True
Let j = -46 - -50. Let m(a) = 11*a**2 - 3*a - 7. Is m(j) prime?
True
Let s(w) = w**3 + w**2 + w - 227. Let b be s(0). Let u = 333 + b. Is u prime?
False
Suppose 5 - 1 = t. Suppose -5*s + 1985 = -7*m + 2*m, 0 = -t*m. Is s composite?
False
Let x(n) = n**3 - 13*n**2 - 33*n + 5. Is x(22) a composite number?
True
Let w be (-216)/15 + (-2)/(-5). Let n be (8/w)/(4/(-14)). Is 4 - 7 - (-80)/n prime?
True
Suppose 859*l - 862*l + 14583 = 0. Is l prime?
True
Let p = -9135 - -29876. Is p prime?
False
Let d = 6145 + -3579. Let k = d + -1745. Is k a composite number?
False
Let l(f) be the first derivative of 17*f**2 + 9*f - 86. Suppose -20 = -5*y - 0*y. Is l(y) a composite number?
True
Let w(r) = r**3 - 11*r**2 + 6*r - 44. Let l be w(10). Let q = 143 + l. Is q a composite number?
False
Let s(m) = 350*m**3 + m**2 + m + 1. Let p(l) = -l**2 - 7*l + 2. Let f be p(-7). Is s(f) composite?
True
Let j(b) = -26*b - 107. Is j(-39) a composite number?
False
Suppose -3*n + 111 + 105 = -2*u, -5*u - 494 = 4*n. Let x = -49 - u. Is x a composite number?
False
Let a(i) = -49 + 28*i**2 + 20 + 24 - i. Is a(4) a composite number?
False
Let y be (3/2)/((-12)/(-200)). Let p be 10435/y + 6/10. Suppose -p = -12*w + 10*w. Is w a composite number?
True
Is 14*23357*5/10 prime?
False
Suppose -3*f + 129403 = 4*u, -5*u - 2*f + 111193 + 50566 = 0. Is u a prime number?
True
Let s(h) = -735*h**3 - 9*h**2 - 14*h - 19. Is s(-3) a composite number?
True
Let b(z) = -z**3 - 10*z**2 + 12*z + 5. Let v be b(-11). Let w = v + 0. Is 195/5*(-10)/w a prime number?
False
Let s(a) = a**3 - 11*a**2 + a - 58. Is s(17) a prime number?
True
Suppose 0 = 5*j - 4*j. Let b be -2 + (-1 + 1 - -1). Is (b + j)*(-205 - -2) prime?
False
Let b = -1157 - -2487. Suppose 0 = 3*y - y - b. Suppose -3*l + 5*w = -y, 0*l = -2*l + 3*w + 442. Is l prime?
False
Suppose -2*w - 28*w = -49710. Is w composite?
False
Let g(m) = -2165*m**3 - m**2 - m + 4. Let q be g(2). Is q/(-36) - 2/12 a composite number?
True
Let s(g) = 11 + 13*g**2 - 24*g - 21 - 38 - 14*g**2. Is s(-21) prime?
False
Let r(x) = x + 7. Let d be r(-7). Let y(t) = -2*t**2 + t + 3*t**2 + 3 + 4 - 1. Is y(d) composite?
True
Let i be 0*((-9)/6)/3. Let c(u) = -4*u + i + 7 + 10*u + 11*u. Is c(3) a prime number?
False
Let r = 215 + -209. Let b be (-328)/12 + 2/6. Is (-57)/(b/r - -3) a prime number?
False
Let r(p) = 91*p + 78*p - 49 - 187*p. Is r(-26) prime?
True
Let p = 14361 + -2164. Is p a composite number?
False
Let i(j) be the third derivative of 13*j**5/20 + j**4/24 + 11*j**2. Is i(2) prime?
False
Suppose -8718 = -3*u - 5*a, 5*u - 8*u + a = -8700. Is u prime?
False
Suppose -k + 0 = 6. Let b be (-1)/(-3) - k/9. Is -2*670/(-4)*b prime?
False
Suppose 2*o - 28179 = -3*x, 0 = 2*x + 39*o - 43*o - 18802. Is x composite?
True
Suppose n + 5*i = 781, -2*i + 3*i + 1 = 0. Suppose -y = y - n. Let a = -280 + y. Is a a prime number?
True
Suppose -5*z - f = -97, f + 3 = -0. Let q(h) = -h**3 + 8*h**2 - h + 4. Let i be q(8). Is i + z - -2 - -3 a prime number?
False
Let r(c) = -8*c**2 - c + 22. Suppose -6*n = -2*n - 8, 0 = 5*g + 3*n - 31. Let s(h) = -h**2 + h + 1. Let w(d) = g*s(d) - r(d). Is w(8) a composite number?
False
Let v be (-26)/(-5) + -5 + (-10094)/(-5). Let o = v - -76. Is o a composite number?
True
Let m = 6889 - 4046. Let b = -1300 + m. Is b prime?
True
Suppose 72*s + 15546 = 75*s. Is s prime?
False
Suppose 0*u - 12 = -4*u. Suppose u*v + 2*v - 4*c = -99, 3*v = -c - 73. Is v/((-2 - -3)/(-1)) prime?
True
Suppose -q - 4 = -6. Let i(m) = 841*m**2 - 4*m + 9. Is i(q) a prime number?
False
Let w = 7389 + -2558. Is w composite?
False
Let d = -6884 - -13832. Suppose 5*b - 457 = d. Is b prime?
True
Let d(k) = 2*k**2 - 20*k - 19. Let n be d(11). Suppose -3*z - 3703 = -6*z - 4*b, -b = -n*z + 3728. Is z composite?
True
Suppose 4*v = -2*r + 4, -13 = -2*r + v + 6. Let n(c) = -c**3 + 9*c**2 - 2*c - 5. Let p be n(r). Let k = -6 + p. Is k a composite number?
False
Suppose -7*s = -3*s - 260. Let m be (-2)/(-13) + (-10)/s. Suppose -4*u + u + 921 = m. Is u composite?
False
Suppose 14*c - 6*c = 2336. Suppose -c = q - 761. Is q a composite number?
True
Let z(v) = -5525*v - 311. Is z(-6) composite?
False
Let o = 11165 + -958. Is o a composite number?
True
Is (-388934)/65*(-5)/2 prime?
False
Is 1/1 + 10433 + -7 a prime number?
True
Suppose 2*r - 5*f = -2*r + 1956, 2445 = 5*r - 4*f. Suppose -5*j = -c + r, -2*j = -3*j + 1. Suppose -252 = -w + i, -4*i = -3*w + w + c. Is w prime?
True
Let x(c) = -239*c - 5. Suppose -3*p = -5*p - 24. Is x(p) a composite number?
True
Let h(g) = 25*g**2 + 5*g - 9. Let t be h(6). Suppose -2*x - 3*j + t + 1049 = 0, 3940 = 4*x - 3*j. Let c = -248 + x. Is c composite?
True
Suppose 0 = j + 4*j - 11100. Suppose 2*u - 6*u = -j. Let p = u + -352. Is p a prime number?
False
Suppose 0 = -5*o - 25, -5*o + 52780 = 6*w - w. Is w a composite number?
True
Let k = 102 - 57. Let m = 121 - k. Let r = 153 - m. Is r a composite number?
True
Suppose 4*x + 3*o = 106811 + 78401, o + 92606 = 2*x. Is x a prime number?
False
Suppose -4*x + 204 = 